 9) in base 3?
-100101001210001
Convert -62728 (base 12) to base 14.
-34da0
What is 202122002 (base 3) in base 13?
6b00
Convert -155023 (base 10) to base 3.
-21212122121
100021102121 (base 3) to base 15
3915d
-3446 (base 15) to base 14
-4083
293734 (base 11) to base 6
13455500
What is 702469 (base 12) in base 13?
4918cb
-131233013 (base 4) to base 14
-3255d
Convert 320431 (base 7) to base 2.
1101100010010001
Convert -82163 (base 11) to base 7.
-1006540
-33307215 (base 8) to base 6
-413520205
What is 1110010000100111100111 (base 2) in base 15?
4dc8ac
What is -b2100b (base 13) in base 8?
-17634701
21042a8 (base 13) to base 7
151201104
-160272 (base 9) to base 7
-560405
-169496 (base 13) to base 4
-2021200133
1681250 (base 9) to base 12
3935b3
What is 104473 (base 9) in base 11?
42937
1210100122212 (base 3) to base 7
11043002
Convert 1301231332 (base 5) to base 8.
14006247
What is -25738 (base 16) in base 5?
-14402100
What is 69288 (base 12) in base 8?
422110
-304b (base 12) to base 10
-5243
What is -60ad (base 14) in base 11?
-11537
Convert -103023112 (base 4) to base 13.
-299a4
11110010110100100111 (base 2) to base 13
28a928
-275a43 (base 11) to base 10
-432501
What is -994968 (base 13) in base 11?
-2045613
What is 1090378 (base 11) in base 4?
13100302202
1011011110100001011 (base 2) to base 7
3124300
What is -57f3 (base 16) in base 6?
-252123
Convert 12972c7 (base 13) to base 9.
11884141
Convert 4381964 (base 10) to base 9.
8217828
-13230443 (base 6) to base 15
-8a360
52010563 (base 7) to base 10
4355704
What is -7503468 (base 11) in base 3?
-220212011201102
11836 (base 11) to base 15
506e
-5140201 (base 8) to base 14
-2758ad
What is 255083 (base 9) in base 7?
1212540
-4806b (base 16) to base 2
-1001000000001101011
100501141 (base 6) to base 7
20416000
What is 10111011100010100110011 (base 2) in base 11?
3518095
What is -33511001 (base 7) in base 6?
-142213512
What is -649965 (base 10) in base 15?
-cc8b0
Convert 23411417 (base 8) to base 5.
2302213222
What is 1011011101100101001 (base 2) in base 10?
375593
3402460 (base 8) to base 13
2622b5
Convert 6ae3a1 (base 15) to base 12.
1865614
What is 32033210 (base 4) in base 11?
3a917
What is 202011020022010 (base 3) in base 6?
1021333133
What is -11111100101100101 (base 2) in base 4?
-133211211
Convert -2043103042 (base 5) to base 4.
-100102101123
82201 (base 9) to base 3
2202020001
513c5 (base 14) to base 6
4105253
-13530436 (base 7) to base 13
-355189
-10e43e (base 15) to base 6
-25150452
-15da1c (base 16) to base 2
-101011101101000011100
-a94e (base 16) to base 12
-210ba
What is 1222002020 (base 3) in base 11?
2708a
What is 5b73a (base 12) in base 16?
1e35e
2033303110 (base 4) to base 15
b97c7
-504890 (base 13) to base 14
-368414
Convert 1d837 (base 16) to base 14.
320ab
What is -266344 (base 7) in base 5?
-3102012
What is -588ed3 (base 16) in base 7?
-100221333
15042107 (base 10) to base 13
3168872
What is -27a5785 (base 11) in base 8?
-22316644
Convert -75d6c (base 15) to base 4.
-1123120011
What is -2554487 (base 10) in base 3?
-11210210002122
What is -113602 (base 9) in base 4?
-100222331
Convert -aab55 (base 15) to base 9.
-1016218
Convert 5c537 (base 14) to base 7.
1631000
Convert -62376 (base 13) to base 8.
-530354
Convert 2120311 (base 4) to base 3.
111102021
What is -111205242 (base 6) in base 13?
-55aa08
Convert 590830 (base 12) to base 3.
2200202022000
-144876a (base 14) to base 6
-551142254
43217 (base 11) to base 3
10012011120
What is 10e685c (base 15) in base 10?
12121512
1581876 (base 9) to base 10
880620
-9e5fb (base 16) to base 9
-1187756
-1212021021 (base 3) to base 10
-36646
What is 363c4 (base 15) in base 16?
2a3b8
Convert -a8d58 (base 15) to base 2.
-10000010111011000010
-9b427 (base 14) to base 13
-102637
-c5967 (base 14) to base 16
-74597
What is -665610 (base 8) in base 16?
-36b88
What is -112433142 (base 5) in base 4?
-1331223231
What is 201011101221100 (base 3) in base 11?
58264aa
Convert -113010 (base 11) to base 13.
-63a3a
-bc1a8 (base 13) to base 7
-2616465
-10202011112 (base 4) to base 9
-2210782
What is 158067 (base 12) in base 10?
366415
What is -a0b09 (base 12) in base 6?
-4251213
What is -14bb64 (base 14) in base 16?
-b0bcc
Convert 1510288 (base 9) to base 4.
3023133101
Convert 12444110 (base 5) to base 7.
1030104
-757a8a (base 14) to base 16
-3cb39a
What is -583222 (base 10) in base 3?
-1002122000211
What is -19db8 (base 16) in base 14?
-2a852
-201122102000 (base 3) to base 13
-106cc8
230132021200 (base 4) to base 13
2552329
Convert -4865382 (base 10) to base 16.
-4a3d66
Convert 88137 (base 12) to base 2.
101011111010111011
24034123 (base 5) to base 15
457e3
314854 (base 14) to base 8
6262772
Convert 3513132 (base 6) to base 4.
230021300
What is -7543 (base 8) in base 4?
-331203
What is -12012210120 (base 3) in base 13?
-37947
What is -6372365 (base 8) in base 5?
-413413414
-55025 (base 13) to base 6
-3144045
Convert 163462 (base 14) to base 11.
4910a8
-2006430 (base 13) to base 3
-200012011100010
What is 67037 (base 10) in base 6?
1234205
What is -1200110122 (base 4) in base 6?
-12242254
What is 1221220001 (base 3) in base 11?
26a72
Convert 14ba63 (base 15) to base 13.
290a15
Convert -189238 (base 14) to base 7.
-10253201
Convert 1001212220000 (base 3) to base 10.
568539
95202 (base 16) to base 10
610818
What is b29407 (base 12) in base 14?
52a6d9
Convert 127ea (base 15) to base 9.
100144
-283a3a (base 12) to base 2
-10100011101000001110
10110000102120 (base 3) to base 7
21363462
460981 (base 12) to base 7
12346423
What is -1020122020210 (base 3) in base 8?
-2415143
2131103031 (base 4) to base 6
21450513
Convert -28395 (base 12) to base 10.
-55841
Convert -85ba3 (base 15) to base 7.
-3415422
d84dcc (base 15) to base 16
9d10f4
What is 221226 (base 11) in base 10?
352985
What is 1025652 (base 7) in base 14?
33529
1015213144 (base 6) to base 8
50357530
Convert 35791 (base 13) to base 7.
555424
Convert -3562531 (base 7) to base 5.
-103433331
What is 13611115 (base 8) in base 16?
2f124d
What is -1323113000 (base 4) in base 2?
-1111011010111000000
-1439793 (base 10) to base 3
-2201011000200
What is -312014012 (base 5) in base 7?
-13620503
What is -210202200110 (base 3) in base 7?
-3433020
Convert -9306ad (base 14) to base 10.
-4956993
Convert 4473008 (base 10) to base 12.
15b8668
-157faf (base 16) to base 9
-2576632
What is 100312223 (base 4) in base 14?
1b231
Convert 423030 (base 7) to base 8.
216570
What is -1654056 (base 7) in base 4?
-320213211
What is -101000111111110000010101 (base 2) in base 4?
-220333300111
Convert -1010111001111010000 (base 2) to base 7.
-3015526
Convert -101303212133 (base 4) to base 7.
-54450524
What is 12020102221002 (base 3) in base 7?
32443421
What is 2e638 (base 16) in base 14?
4d360
Convert 3333133102 (base 4) to base 14.
1d352a
What is -2145201 (base 6) in base 10?
-107425
Convert -202211020121 (base 3) to base 13.
-11473c
2578a (base 12) to base 4
30200122
82c3b0 (base 13) to base 8
13515620
-656bc3 (base 14) to base 4
-31013103313
4213454 (base 6) to base 5
23014143
Convert 64581 (base 11) to base 5.
11000424
-22202303 (base 6) to base 2
-10100011011001011111
Convert -4926c9 (base 13) to base 10.
-1747794
Convert -20121111211021 (base 3) to base 14.
-6766b2
Convert -1441510 (base 6) to base 8.
-242622
616863 (base 9) to base 10
365934
Convert 132b802 (base 12) to base 14.
70a9a2
Convert -301200002113 (base 4) to base 6.
-1142043211
Convert 10011330 (base 5) to base 11.
54367
Convert -3b89a (base 14) to base 3.
-21110211111
Convert -341530 (base 7) to base 9.
-102151
29472 (base 11) to base 10
41824
Convert 100110111222100 (base 3) to base 9.
10414870
What is 2112245 (base 7) in base 8?
762533
What is -50750 (base 10) in base 7?
-300650
What is e716 (base 15) in base 3?
2111000010
Convert 2106330 (base 8) to base 16.
88cd8
Convert 202010221001 (base 3) to base 11.
250a06
Convert -42003214 (base 5) to base 3.
-122111010120
122002021101 (base 3) to base 4
1102012030
Convert 122b3a9 (base 13) to base 14.
a71746
What is -16114120 (base 7) in base 12?
-629054
300010112233 (base 4) to base 2
110000000100010110101111
What is 110111001011100011 (base 2) in base 10?
226019
404235 (base 8) to base 5
13231102
2335310 (base 7) to base 10
2